alculate the highest common factor of 112 and x.
14
Let f(g) = -21*g - 3. Let d be f(-1). Suppose -2*j + 2*i = -12, 0 = 7*j - 3*j - i - 27. Suppose -w + j*w = 54. What is the greatest common factor of d and w?
9
Let w = 52 - 8. Let d = w - 15. Calculate the highest common divisor of d and 29.
29
Let r = -11 + 15. Let o(y) = -y**3 - 4*y**2 + 3*y - 6. Let s be o(-5). Calculate the highest common divisor of r and s.
4
Let y(h) = -15*h + 8. Let q(o) = -5*o + 3. Let b(k) = 11*q(k) - 4*y(k). Let w be b(4). Calculate the highest common factor of w and 7.
7
Suppose -197*g + 1664 = -184*g. What is the highest common divisor of g and 16?
16
Let z be (-10 - 0) + 6 - 1*-42. Suppose 2*i + 0 - 4 = 0. Suppose 4*j - 70 = -2*l, -i*j + 5*l = -3*j + 4. What is the greatest common divisor of j and z?
19
Suppose 5*v = 7 + 3. Suppose 40 = v*w + 16. What is the highest common factor of w and 48?
12
Let i(y) = y**2 + 6*y - 16. Let g be i(-8). Let j = -10 + 9. Let s be -171*(g + j)*1. What is the highest common factor of 19 and s?
19
Let f be ((-60)/48)/((-5)/8). What is the greatest common factor of 2 and f?
2
Suppose -3*m + 2*b = -3*b + 19, -b + 13 = 4*m. Suppose 29 = 2*a + 3*z, 0 = -4*a - m*z + 40 + 6. Calculate the highest common factor of 10 and a.
10
Let d(k) = k**3 + 33*k**2 + k + 37. Let v be d(-33). What is the greatest common divisor of v and 5?
1
Let q be 3/(-9) + 26/6. Let d = 12 - 50. Let t = -28 - d. Calculate the highest common factor of t and q.
2
Let z be 24 - (-1 + -1 - (20 - 22)). Suppose 4*k = 3*k - 4*f + 92, 0 = 2*k - f - 139. What is the highest common factor of z and k?
24
Let p(y) = 5*y - 6. Let c be p(-5). Let z = c - -53. What is the highest common divisor of 110 and z?
22
Suppose 4*k - 241 = -3*j, -2*k + j = -0*k - 133. Let y = -2 + k. Suppose 2*o - y = 34. What is the highest common divisor of 6 and o?
6
Let y(v) = -4*v - 3*v - v**2 + 3*v + 6 + v. Let i be y(-3). Calculate the greatest common divisor of 24 and i.
6
Let k be (-9)/(45/130) + 1. Let m be (k - -7)/((-3)/2). What is the greatest common divisor of m and 36?
12
Let q(k) = 3*k**3 - 202*k**2 + 69*k - 5. Let h be q(67). What is the greatest common factor of h and 9?
3
Let v = 128 + -64. Suppose -3*h - 3*x = -144, -2*h + 46 = -x - 44. Let g = h + -38. Calculate the highest common factor of v and g.
8
Suppose 1 + 17 = 3*r. Let s be 2/(-6) + -1*50/(-15). Let n be 111/2 + s/r. What is the highest common factor of 8 and n?
8
Let q(p) = -p**2 + 3 - p**2 + 9*p + p**2. Let s be q(9). Suppose -54 = -2*o - 0*a - 4*a, -3*o = s*a - 72. Calculate the highest common factor of 63 and o.
21
Suppose -68 = -5*h - 18. Let s be 51/5 + 1/(-5). Suppose 0 = -s*m - 121 + 521. What is the greatest common divisor of h and m?
10
Suppose -3 - 12 = 15*f. Let j be 0 + f + (6 + 99)/5. Suppose -t + 3 = q, 4*q + t = 2*t + 22. What is the highest common factor of q and j?
5
Let p = -17 + 21. Let t be 1 + 4*p/16. Suppose 3*n + 267 = -g + 865, t*g = -5*n + 998. What is the highest common factor of n and 18?
18
Let h be (1 - 0 - 3) + 9. Let a be (h - 3) + (-2 - -2). Suppose -8 + 0 = -a*p. What is the greatest common factor of 22 and p?
2
Let x(o) = -16*o - 1. Let s be x(-3). Suppose -5*z + s = 2*i - 85, 3*i + 3*z = 198. Calculate the highest common factor of 22 and i.
22
Let h(u) = 2*u**3 + 28*u**2 + 2. Let z be h(-14). Calculate the greatest common factor of 194 and z.
2
Suppose -4*a + 2*a = 0. Let p be (-23 + a)*(0 + -1). Calculate the greatest common divisor of p and 207.
23
Suppose 0 = 4*o + 4*z - 60, 5*o - 2*o + 5*z - 39 = 0. What is the highest common factor of 81 and o?
9
Suppose 0 = 3*f + 7 - 4. Let o be (32/40)/(f/(-210)). What is the highest common divisor of 21 and o?
21
Let t(v) = v**2 - 5*v + 8. Let k be t(3). Suppose 3*i = k*p + 19, -3*i + 47 = -p + 6*p. What is the highest common factor of i and 27?
9
Let z(g) = g**2 - 12*g + 13. Let p be z(11). Suppose 5 = 7*n - p*n. Let r = n - -6. What is the greatest common factor of r and 56?
7
Suppose 73 = t + 1. Let o be 7/(14/4) + 6. What is the greatest common factor of o and t?
8
Suppose 5*x - 764 = -2*p, 5*p + 205 + 118 = 2*x. Calculate the greatest common factor of x and 70.
14
Let m = -3 + 7. Let s = -3 - -1. Let b(w) = 3*w**2 - 3*w - 2. Let n be b(s). Calculate the highest common factor of m and n.
4
Let l be 10/45 - 2532/(-27). Calculate the highest common divisor of 47 and l.
47
Let c be 60 - ((-27 - -32) + 4/1). Let o be 8*((-102)/4)/(-3). Calculate the greatest common factor of o and c.
17
Suppose 0 = 2*d + 5*h - 35, -d + 5*d - 5*h + 5 = 0. Suppose 4*b = d*b - 8. What is the greatest common factor of 64 and b?
8
Let o = 7 + -4. Let m = 1604 - 1583. Calculate the greatest common divisor of m and o.
3
Let h(n) = 13*n + 23. Let f be h(-2). Let m(j) = -38*j - 24. Let z be m(f). Calculate the highest common divisor of 6 and z.
6
Let k = 1641 + -1289. What is the greatest common divisor of k and 32?
32
Let t(h) = h**3 + 6*h**2 + 2*h + 8. Let y be t(-5). Let k(w) = -6*w - 1. Let v be k(-2). Let g = y - v. What is the highest common factor of g and 4?
4
Let m(k) = -k**2 - 15*k - 26. Let d be m(-14). Let u be 0 - 3/(-1 - 10/d). What is the greatest common factor of 6 and u?
6
Suppose 5*d - 3*d = 8. Suppose n = -n + 8. Suppose -d = -0*q - n*q. What is the greatest common divisor of q and 7?
1
Let o(c) = c**2 - 11*c - 54. Let y be o(-4). What is the highest common factor of 30 and y?
6
Let w(d) = d**2 - 2. Let g(z) = 5*z**2 + 6*z - 14. Let a(o) = g(o) - 4*w(o). Let y be a(-9). Calculate the highest common factor of y and 231.
21
Suppose -3*x + 12 = -3, 3*x + 645 = 2*j. Calculate the greatest common divisor of j and 44.
22
Let t be 9/(0 + 6/4). Suppose 0 = 7*q - 11*q. Suppose q = y - h - t, 4*h - 18 = -3*y - h. What is the greatest common factor of y and 3?
3
Suppose 0 = -5*y - 25, -4*n + y + 42 = 5. Calculate the highest common factor of n and 8.
8
Suppose -35*w = -2*o - 31*w + 20, 0 = 4*o - w - 47. What is the greatest common factor of 66 and o?
6
Let n(i) = -2*i + 24. Let k be n(12). Suppose k = -4*m + 3*o + 540, -6*m + 4*o = -m - 676. What is the highest common divisor of 12 and m?
12
Let d = 5 - -30. Calculate the greatest common factor of d and 45.
5
Let z = 445 + -133. What is the greatest common factor of 39 and z?
39
Let j(d) = -d**2 + 15*d. Let u be j(13). Calculate the greatest common factor of u and 117.
13
Let r(d) = 123*d**3 + d - 2. Let t be r(1). Let n = t + -5. Suppose -i + 3 = -10. Calculate the highest common factor of i and n.
13
Let k = 42 - 72. Let t = k + 45. Calculate the highest common factor of 5 and t.
5
Let z be ((-260)/91)/(2/(-119)). What is the greatest common factor of 102 and z?
34
Let y = -199 - -235. Calculate the greatest common divisor of y and 312.
12
Suppose 2*j - 5*j + x + 132 = 0, 220 = 5*j - x. Calculate the highest common divisor of 396 and j.
44
Let s = 139 + -114. Calculate the highest common divisor of 5 and s.
5
Suppose -f + 5 + 5 = -4*p, -5*p + f = 13. Let u be p*2*(-4)/(-6). Let y = u - -9. What is the greatest common factor of 5 and y?
5
Let o = 134 + -90. Let m be 3/(12/(-20)) + 2. Let z be (-195)/(-9) + (-1)/m. Calculate the highest common factor of z and o.
22
Let j be (-1 + 43)*(-9)/(-27). Suppose -j = -d + 62. What is the highest common factor of d and 19?
19
Let b(x) = -x**3 - 3*x**2 - 4*x - 2. Let h be b(-2). Suppose 5*q = -4*d + 50, 2*q + d - 29 = -h*q. What is the highest common divisor of q and 3?
3
Let v be (124 + (20 - 8))*2/4. What is the greatest common divisor of v and 748?
68
Let d = -25 + 55. Let k = -23 - -35. What is the highest common factor of k and d?
6
Let b = 13 + -3. Suppose b = -5*k - 0. Let x be 52/(-8)*-4 - k. Calculate the greatest common divisor of x and 14.
14
Suppose -9 = -a + 87. Suppose 2*q - 4*q + a = 0. What is the highest common factor of 12 and q?
12
Suppose -6 = 5*o - 26. Suppose -4*f = l + o, -5*l - f = -0*f - 37. Suppose -31*g + 80 = -29*g. What is the greatest common factor of g and l?
8
Let p be (-20)/(-2) - 0/(-3). Let d = p + 1. Let f = 10 - -23. Calculate the greatest common divisor of d and f.
11
Suppose 3*t - 35 = -2*u, 4*t + 61 = 4*u - u. Suppose -3*f = 5*z - 196, -2*f - 3*z + 66 = -63. What is the greatest common factor of u and f?
19
Suppose g - 18 = 38. Suppose